3
Suppose -14*a + j = -19*a + 15025, 15000 = 5*a - 4*j. What is the tens digit of a?
0
Let h = 10 + 7. Let p = h - 8. What is the units digit of p?
9
Let y be 4 + (-55)/(-5) + -1. Let h = y - -45. What is the units digit of h?
9
Let t(a) = -8*a**3 + 4*a**2 - 3*a - 9. What is the units digit of t(-4)?
9
Let s = -80 + 224. Suppose 5*v = -0*c + 4*c - s, c - 51 = 5*v. Let h = 77 - c. What is the units digit of h?
6
Let v = -451 - -671. What is the hundreds digit of v?
2
What is the hundreds digit of ((-13115)/25 + -7)*15/(-6)?
3
Let k be 0/(8/(-4)) + -30. Let u be k/4*24/36. What is the units digit of u + (4 - 1) - -15?
3
Let v(p) = 2*p**3 - 17*p**2 - 22*p + 22. What is the units digit of v(13)?
7
Let n(j) = -46*j - 12. What is the units digit of n(-6)?
4
Suppose 10112 = 47*i - 43*i. What is the thousands digit of i?
2
Let r be 4 + (-1 - -61) + 2. What is the units digit of ((-4)/6)/((-2)/r)?
2
Let s = 0 + -6. Let q(c) = -8*c**3 - 2*c**2 - 9*c + 15. Let y(w) = 7*w**3 + 3*w**2 + 9*w - 14. Let n(l) = s*q(l) - 7*y(l). What is the tens digit of n(-8)?
1
Suppose -3*n - 17 = -2*d, -3*d = 2*n + 7 + 13. Let i = n + 1. What is the tens digit of (-2)/(-4) - 159/i?
2
What is the units digit of 2/((-16)/(-30683)) - (-12)/(-32)?
5
Suppose 2*u = 3*n + 22, 0*u + u - 1 = -n. Suppose -78 = -5*s - y, -u*y = -3*y + 4. Suppose 0*h - s = -h. What is the units digit of h?
6
What is the hundreds digit of -2*2384/(7 + -11)?
1
Let i(j) = j. Let x(u) = 4*u + 21. Let s(f) = -2*i(f) + x(f). Let q be s(-10). What is the tens digit of (3/q)/3*15?
1
Let k(c) = -c**2 - 30*c - 142. What is the units digit of k(-24)?
2
Suppose -3*g + 0*v = 2*v - 790, -2*g + 3*v + 505 = 0. What is the tens digit of g?
6
Suppose r = 3*u + 674, -3*r + 1102 = u - 910. What is the tens digit of r?
7
Suppose 3*n - 12 = 6. Suppose -2*r + n = r. Suppose 0 = 4*b - r*j - 56, 41 = 3*b - 2*j - 0*j. What is the tens digit of b?
1
Let q(m) be the first derivative of m**4/24 + 23*m**3/6 - 5*m**2/2 + 7. Let d(y) be the second derivative of q(y). What is the tens digit of d(18)?
4
Suppose -4*n = 5*l - 0 - 13, -3*l = 3*n - 9. Let w(p) = -p**3 + p**2 - 1. Let m be w(-3). Suppose n*r - m = 9. What is the units digit of r?
2
Suppose -4*l = -26 + 6. Suppose 0 = 4*r + 4*q + l + 7, -5*r = 4*q + 11. What is the units digit of (15 - r) + (-6)/(-2)?
7
Let i(q) = -3*q**3 + 7*q**2 - q + 7. What is the tens digit of i(-5)?
6
Let r = -107 - -169. Suppose -c - 268 = 4*k - 2*c, r = -k - c. Let q = k + 92. What is the units digit of q?
6
Let r be (-5)/(-5) - -1*1. Suppose z - 4*b = -z + 8, -2*z + r = 2*b. Let l(n) = 2*n**2 - 3*n + 2. What is the units digit of l(z)?
4
Let n(u) = u**3 + 11*u**2 - 2*u - 16. Let d be n(-10). Let j = d + -23. What is the units digit of j?
1
Suppose -7*z + 1065 = -4*z. Suppose 2*v - 7*v + 4*w = -z, -5*w - 92 = -v. Suppose 2 - v = -5*f. What is the units digit of f?
3
Let r(h) = 2416*h**2 + 11*h + 3. What is the units digit of r(1)?
0
Let v = 593 + -102. What is the hundreds digit of v?
4
Let p be ((-12)/24)/(1/(-4)). Suppose p*w = -w + 6. What is the units digit of w?
2
Let h be (-348)/(-108) - 4/18. Suppose -5*t + 5*b + 590 = 0, b + 2*b = -h*t + 330. Suppose 0 = -v - 43 + t. What is the tens digit of v?
7
Let o = -78 - -128. Let s be ((-192)/(-10))/((-10)/o). Let c = s - -146. What is the tens digit of c?
5
What is the hundreds digit of 714/4*(-1 - 0)*-2?
3
Let t(j) be the third derivative of 0*j**4 + 0*j + 1/60*j**5 + 6*j**2 + 2/3*j**3 + 0. What is the tens digit of t(-5)?
2
Let c = 82 + -78. Suppose -c*u + 5*p + 1161 = 0, p + 2 = -3. What is the tens digit of u?
8
Let q be ((-108)/10)/((-11)/(-55)). Let p be (-8091)/q - (-1)/6. Suppose 5*z - 4*j = 150, -5*z + 0*z + p = j. What is the tens digit of z?
3
Let w(a) be the second derivative of -a**4/12 + 2*a**3 - 11*a**2/2 - a. Let y(g) = -4*g + 26. Let p be y(4). What is the units digit of w(p)?
9
Suppose -30*k = -14*k - 16096. What is the tens digit of k?
0
Suppose -5*j = -4*j + 51. What is the units digit of 16 - j - 0*2/(-4)?
7
Suppose -6*s = -8 - 10. Suppose -s*a = -158 - 70. What is the units digit of a?
6
Suppose -3*n - 2*a - 3 = -12, 3*n + 5*a = 9. Suppose 0 = 3*b - 5*k - 34, 7 = 2*b - n*k - 17. What is the tens digit of (-4)/b - 191/(-9)?
2
What is the units digit of 371500/375*(-6)/(-4)?
6
Suppose 35 = 3*g - 7. Let v = -11 + g. What is the tens digit of 38*(6/4)/v?
1
Let i(l) = -2*l**3 + 22*l**2 - 18*l - 1. Let h be 11 + (-2 - 4 - -5). What is the tens digit of i(h)?
1
Suppose -3*c + 3*m + 8127 = 0, 5*m - 8111 = -8*c + 5*c. What is the units digit of c?
7
Let s(r) = r**2 - r + 2. Let t be s(-5). Let h = 6 + -1. Suppose h*u - 3 = t. What is the units digit of u?
7
Let q be 1/3 + (-103)/3. Suppose 0*m + 3*m - 144 = 0. Let d = m + q. What is the tens digit of d?
1
Let y(c) = -c + 7. Let z be 417/(-12) - (-2)/(-8). Let d be (-28)/z*(-30)/4. What is the units digit of y(d)?
3
Let p be 0*4/(3 + 1). Suppose p = -5*h + 114 + 1. What is the tens digit of h?
2
Let l(r) = 9*r**2 - 7*r + 16. What is the tens digit of l(9)?
8
Suppose -2*m = f + 7, -5*f + 2*m - 6*m = 35. What is the units digit of 6/(-8)*-14*(-1 - f)?
3
Let d(y) = -y**3 + 26*y**2 + 28*y - 2. Let f(n) = 6*n**2 + 3*n - 3. Let t be f(2). What is the units digit of d(t)?
5
Let x(t) = -11*t - 28. Let m(q) = -5*q - 14. Let y(p) = -5*m(p) + 2*x(p). What is the units digit of y(16)?
2
Let a = -626 - -1092. What is the tens digit of a?
6
Suppose 365538 + 58494 = 96*j. What is the thousands digit of j?
4
Let q(z) = z**3 - 7*z**2 - 32*z + 65. What is the units digit of q(16)?
7
What is the thousands digit of (-2)/6 - ((-100340)/(-12))/(-5)?
1
Suppose -4*h = -905 - 9315. What is the thousands digit of h?
2
Suppose p + 2*p - 3 = 0. Suppose -5*n - 4*a = -23, -n + a + 0 = -p. Suppose -61 = -n*b + 5*f - 4*f, 4*b = 5*f + 74. What is the units digit of b?
1
Let z(q) = 28*q**2 + 43. What is the thousands digit of z(7)?
1
Let q(i) = i - 1. Let j(c) = c + 1. Let o(u) = 4*j(u) + 4*q(u). Let y be o(6). Let w = y + -31. What is the units digit of w?
7
Let s = 31 - 22. Suppose 0 = q + 51 - s. Let n = -29 - q. What is the tens digit of n?
1
Let n = -158 + 893. What is the hundreds digit of n?
7
Suppose 0 = 33*p + 22*p - 30140. What is the tens digit of p?
4
Suppose -3108 = -n - 11*n. Suppose 5*r - n = -2*r. What is the units digit of r?
7
Let s = -16 - -24. Suppose -2*f + 7*f = -5*t + 210, -2*t + s = 0. Suppose 3*z - 16 = f. What is the units digit of z?
8
Let d(w) = -w**2 - 14*w - 34. Let i be d(-14). What is the tens digit of 114/10 - (-3 - i/10)?
1
Suppose 46*c - 270 = 41*c. Suppose -c*o + 58*o = 668. What is the tens digit of o?
6
Let k = 18 - 5. Suppose -k = -l - 0*l. What is the tens digit of l?
1
Suppose 0 = 10*o - 6942 + 202. What is the tens digit of o?
7
Suppose -2*m + i = -i - 2616, 3*m = 2*i + 3928. What is the units digit of m?
2
Suppose -6*h + 1580 + 1336 = 0. What is the hundreds digit of h?
4
What is the hundreds digit of (470/(-5))/((-14)/168)?
1
Suppose 25 = -q - 6. Let g = q - -11. Let n = g + 28. What is the units digit of n?
8
Let v = -13 - -16. Let l(g) = 18*g**2 - 6*g + 6. What is the hundreds digit of l(v)?
1
Suppose -2*q = x + 2*q + 3, q + 27 = 5*x. What is the tens digit of ((-4)/x)/(2/(-60))?
2
Let n = 1073 - 629. What is the hundreds digit of n?
4
Suppose 5*a - u = 4999, -a + 444 = -4*u - 571. What is the units digit of a?
9
Let t(l) = -l + 15. Let u(m) = m**2 - 4*m + 4. Let y be u(3). Let w be y/(-1) + -2 - 3. What is the units digit of t(w)?
1
Suppose 0 = -o + 25 - 11. Let q be -11 + (-2 - -1) + 1. Let u = o + q. What is the units digit of u?
3
Suppose 2*m = -n + 3610, -18059 = -157*n + 152*n - m. What is the tens digit of n?
1
Let n be (-2 + 1/2)*-20. Suppose -p = -3*x + 3*p + 110, 0 = -x - 2*p + n. Let f = x - 11. What is the units digit of f?
3
Let u(q) = -8*q + 2. Let t = -10 + 5. What is the units digit of u(t)?
2
Let g = -10 + 84. Suppose g + 226 = 3*x. Let c = x + -62. What is the tens digit of c?
3
Let u(a) = 5*a**2 + 23*a - 19. What is the hundreds digit of u(-15)?
7
Suppose -2*r + 11 + 2 = -5*h, 3*r = -h - 23. Let i be (3/1)/((-6)/4). Let x = i - r. What is the units digit of x?
4
Let x be (-6)/15 + 6/15. Suppose -2*u + d = 10 - 40, x = -5*d. What is the tens digit of u?
1